se
Suppose 5*v + 5*l = 8082875, -5*l - 1616527 = -68*v + 67*v. Is v a composite number?
True
Suppose 20973 = 3*n + 4*y - 5*y, 3*y = -2*n + 13982. Is n a prime number?
True
Suppose 0 = -542*p + 537*p + 4*i + 153163, -p = -4*i - 30639. Is p composite?
False
Suppose -8*y + 58445 - 3709 = 0. Let t = y + -3591. Suppose -136*p + 137*p = t. Is p a prime number?
True
Let z(o) = 2*o**3 + 3*o + 26. Let t be z(0). Suppose 165948 = t*n - 14*n. Is n a prime number?
True
Suppose 0 = 7*n + 3*n - 790921 - 1534849. Is n prime?
False
Let t be (-2)/(-1 - (-3843)/3845). Let l = 9438 - t. Suppose 0 = 9*d - l + 1552. Is d a prime number?
True
Suppose 4510 = -50*x + 105*x - 66*x. Let j = -405 + -394. Let z = x - j. Is z prime?
True
Let h = -4276 - -19247. Is h a prime number?
False
Suppose 0 = 5*c + 5*t - 464390, 37*t - 464340 = -5*c + 42*t. Is c prime?
False
Let n = 32114 - 8361. Is n prime?
True
Let y = 6575 - 3922. Is y prime?
False
Suppose -78*u + 77*u + l = -52031, 2*l = -2*u + 104062. Is u a prime number?
False
Suppose 11*o - 17 = 16. Suppose -4*m = -o*a + 59331 - 16000, -72201 = -5*a - 2*m. Is a composite?
True
Let z(h) = 8 - 5125*h**2 + 12*h**3 + 23*h + 5 + 5113*h**2. Is z(11) a prime number?
False
Let r be -8224*(-5 - (-4)/1). Suppose 7*a - 7477 = r. Is a a composite number?
False
Suppose 11*o = -20833 - 104798. Let g = 16579 + o. Is g a composite number?
True
Let a = 41 + -41. Suppose 4*s = s + 2*i + 14, 5*s - 22 = 2*i. Suppose -s*z + a*z = -136. Is z a composite number?
True
Suppose -10*c + 8*c = -4. Is (1 - c)*(-7 - 4704) prime?
False
Suppose -110*a + 38 = -115*a - 2*u, 3*a + 5*u + 19 = 0. Is -1*(-8118)/6 - a a composite number?
False
Suppose -3*f = -2*v + 1994081, v + 32*f - 31*f = 997038. Is v prime?
False
Suppose -50 = 8*y - 10*y. Suppose 20*m - y*m + 15 = 0. Suppose i + 2 - 3 = 0, -5*s = -m*i - 642. Is s a prime number?
False
Suppose -5*c = 345 + 310. Let p be 2*(4 - c/2). Let d = 648 - p. Is d prime?
True
Suppose 27*g = 8*g - 333947 + 1862440. Is g prime?
True
Suppose -1922551 = -5*p + 2*z, 769030 = -12*p + 14*p + 4*z. Is p composite?
True
Suppose 1060*c - 3*t - 659200 = 1055*c, 3*t = -3*c + 395496. Is c composite?
False
Suppose -6*g + 4*x = -711594, -2*g + 48619 = 2*x - 188559. Is g composite?
True
Let q = -28 - -26. Is 11 - 7 - (q - 401) prime?
False
Suppose -3*y + 26 = 5*a - 2*y, 5*y - 30 = -5*a. Suppose a*m + 4*v = 12593, m - 5*m = -5*v - 10058. Is m composite?
True
Let b be (6/15*-1)/((-11)/55). Suppose 8 = b*x + 4, 3*f = -2*x + 17521. Is f prime?
True
Suppose 101*f - 513*f + 8103457 = 2030165. Is f a prime number?
True
Let u(v) = v**2 - 3*v - 9. Let f be u(5). Let o(s) = 2*s**3 + 2*s - 2. Let w be o(f). Is (-4215*2/(-6)*w)/2 a composite number?
True
Let j be ((-2)/(-2))/(-31 + 32). Is j - -4192*1 - 36/(-9) a prime number?
False
Let a(t) = -3957*t - 779. Is a(-46) a prime number?
True
Suppose -3*i + 17106 = -2*i + 5*b, -3*b - 85670 = -5*i. Suppose m - 5703 = 4*a, -a = 18*m - 21*m + i. Is m composite?
False
Let j(b) = 65071*b - 171. Is j(2) a composite number?
False
Let a(r) = -33*r + 227. Let p be 5 - (6/(-36) - (-158)/12). Is a(p) a prime number?
True
Suppose 0 = -u + m - 2575, 5*u + 10*m = 8*m - 12875. Let b = 3732 + u. Is b composite?
True
Let b(l) = -l**3 + 12*l**2 - 14*l + 19. Let z be b(10). Suppose -a = z - 620. Is a composite?
False
Let h = 33322 - -10615. Is h prime?
False
Is (4*5/(-5))/(2817540/352197 + -8) prime?
True
Suppose 2*s - c - 435059 = -154900, -s = c - 140084. Is s prime?
False
Suppose 30 = 3*t + 2*t. Suppose -t*x = 2380 + 1208. Let z = -15 - x. Is z composite?
True
Let h(r) = -7*r + 14*r + 26*r**2 - 5*r**3 + 4*r**3 + 17*r + 20. Is h(23) prime?
False
Suppose -65 = -3*j - 8. Let f(o) = j*o**2 + 35 + 21*o - 16 - o**3 + o. Is f(16) a composite number?
True
Let l(b) = 2*b**3 - 64*b**2 + 210*b - 435. Is l(46) a prime number?
True
Let n(p) = p + 68. Let z = -31 + 16. Is n(z) prime?
True
Let g = -498 + 2424. Let c(t) = -133*t. Let k be c(-5). Let m = g - k. Is m a composite number?
True
Let z be -9*(20/(-5))/(6/(-359)). Let l = 4135 - z. Is l a prime number?
False
Let a be -5 + 3 - 93*-9. Suppose a = 4*y - 1509. Suppose g = 2*d - 1172, -d + 0*g - g = -y. Is d prime?
False
Suppose -8*g = -10*g + 2*d + 188, g + 4*d = 69. Is g prime?
True
Is (70939 + 0)*(3 - 5)/(-2) prime?
False
Let b = -1270 + 359. Let u(w) = 130*w + 828. Let k be u(9). Let q = k + b. Is q a composite number?
False
Let s be (-5 - -4)/(2/4) + 14. Suppose s*j = 13*j - 5*h - 21748, -3*j = h - 65292. Is j a prime number?
False
Suppose -15 = -8*g + 4*g - p, -4*p = 5*g - 5. Let o be -3 + 2 + -1 + g. Suppose 5*w + o*t - 164 = 0, 3*w - 31 = 2*t + 56. Is w prime?
True
Suppose 23 = -f + 18, 2*m - 3*f = 41931. Suppose -8*i + m = -57178. Is i prime?
True
Let g(n) = -3*n**3 - n**2 + 2. Let b be g(-1). Suppose -16279 = -b*t + 1605. Is t a composite number?
True
Let c(s) be the first derivative of 5*s**3/3 + 7*s**2/2 - 29*s - 717. Suppose -21 = -4*l - 1. Is c(l) prime?
True
Is (95422/(-8) - -1)*-4 - 204/(-51) a prime number?
True
Let z be (-1)/5*1 - 141/(-5). Suppose -10 + z = 2*h. Suppose -2*f + h*f = 2009. Is f a composite number?
True
Suppose 8*y = 4*y + 172. Let l = y - 38. Suppose -2*n + l*n - 2091 = 0. Is n a composite number?
True
Let n(c) = -2*c + 30. Let q be n(8). Suppose q*t = 9*t + 20. Suppose 0 = t*w + 178 - 2342. Is w composite?
False
Let p = -13 - -17. Suppose 2*q = p*i - i + 2768, -5*q + 6941 = 3*i. Suppose -8*c + q = -4957. Is c a prime number?
False
Let c = 277 - -284. Let g = 1228 - c. Is g composite?
True
Let k = 562635 + -239098. Is k prime?
True
Let r = 58 + -56. Let b be (6 - 3) + r/2. Suppose b*x + 5*j - 3*j = 3130, 2*x - 1550 = -4*j. Is x a composite number?
True
Let h(a) be the second derivative of -a**5/20 + a**4/4 + 10*a**3/3 - 24*a. Let v be h(6). Suppose -v*m = -13*m + 1141. Is m a prime number?
False
Let r = -420 + 416. Is ((-1)/(r + 2))/(43/737966) composite?
False
Is ((-22246555)/(-20) - 4) + (-48)/64 - 0 prime?
True
Suppose 0 = -2*f - 4*s, -13*s + 12*s = 4*f. Suppose -y - 281 + 3640 = f. Is y a composite number?
False
Let n(t) = -t**2 - 249*t - 207. Is n(-35) a composite number?
False
Let i(j) = -2*j**3 + 5*j**2 - 2*j + 8. Let x be i(5). Let s = -119 - x. Suppose 12*f - s*f = 556. Is f prime?
True
Let o(s) = 403*s**2 - 162*s + 2346. Is o(13) a prime number?
False
Let y be (-50)/12*-2*(-306)/(-170). Suppose -12 = -y*t + 12*t. Suppose -t*m = -5*g - 393, -198 = -2*m + 2*g + 2*g. Is m prime?
True
Let n = 1489 - -1254. Is n prime?
False
Let f(w) = 4262*w**2 + 18*w - 7. Let a = -73 + 76. Is f(a) a composite number?
True
Let v(k) = -3201*k - 28. Let n = -657 + 656. Is v(n) a composite number?
True
Let l(h) = h**2 - 3*h. Let c be l(4). Suppose -3*f = 2*d + 707, 3*f = -c*d - f - 1424. Let z = -102 - d. Is z a composite number?
True
Let d be (26/(-4))/(1/4). Is (-98562)/d + (-8)/(-52) composite?
True
Let c(n) = 371*n**2 + 12*n + 5. Is c(-6) a prime number?
False
Let u be 1 + 6106 - 80/(-10). Suppose -u - 3402 = -g. Is g a prime number?
False
Let t = -19 + 23. Suppose 804 + 1140 = t*y. Let l = y + -209. Is l prime?
True
Let b = -1587 - -545. Let r(t) = -1493*t**2 + 4*t - 4. Let g be r(1). Let c = b - g. Is c composite?
True
Suppose 3 = -3*x + 45. Suppose -x*p = -16*p - 4. Is (1*2)/p*(-214 - -15) composite?
False
Let h = 26768 + -5374. Let b = 32853 - h. Is b a composite number?
True
Let d(b) = -12*b**3 - 6*b**2 + 10*b + 17. Let o be d(-6). Suppose -4*p - 5*f = -o, 5*p + 3*f - 2161 = 765. Is p prime?
True
Let l = 9348 - -14821. Is l a composite number?
False
Let h(a) = 2233*a**2 - 391*a + 1923. Is h(5) a composite number?
False
Is 9*(-171256)/(-12) - -7 a composite number?
False
Suppose 20*r + 1035 = 29*r. Let p = 113 - r. Let q(t) = -257*t**3 + 3*t + 3. Is q(p) prime?
True
Is (-258)/3354 - (-155950)/26 composite?
True
Let s be (-15)/(-495)*55*(1 + 2). Let k(l) = 2*l + l - 11 + 3*l. Is k(s) a composite number?
False
Suppose -6*u + 285 = -u. Let f = u + -7. Suppose -4*y + 982 = f. Is y composite?
False
Let g(a) = 18*a**3 + 28*a + 233. Is g(24) prime?
True
Suppose d - 1 = -a, -5*d + 14 + 36 = -4*a. Let t(l) = 432*l - 49. Is t(d) prime?
True
Suppose -258*c = -353*c + 15538865. Is c a composite number?
False
Is (-180)/108*(-24164610)/50 composite?
False
Supp